1580?
-1587
In base 12, what is -514 + 0?
-514
In base 6, what is -4 - -12?
4
In base 3, what is -10 + 2221?
2211
In base 11, what is 12 + -6?
7
In base 2, what is -100 + -1010010001?
-1010010101
In base 16, what is -2 - -11?
f
In base 7, what is -26 - 65?
-124
In base 7, what is 4 + 1021?
1025
In base 3, what is 1011102111 + 2?
1011102120
In base 10, what is -18 + -19?
-37
In base 14, what is 4 - -86?
8a
In base 14, what is 1c - -1?
1d
In base 16, what is -4 - 3c6?
-3ca
In base 2, what is -11 - 1101010?
-1101101
In base 4, what is -3232 + 3?
-3223
In base 13, what is 5 + -1a?
-15
In base 16, what is 2d6 - 2?
2d4
In base 10, what is 1 + 1539?
1540
In base 16, what is -2246 - 5?
-224b
In base 10, what is -4 - 43?
-47
In base 6, what is -55 + 4?
-51
In base 11, what is 21a + -30?
19a
In base 4, what is 13 + 131?
210
In base 7, what is -2450 + -3?
-2453
In base 7, what is 3 - 435?
-432
In base 3, what is 1 + -10000?
-2222
In base 5, what is -4203 - -10?
-4143
In base 5, what is -124244 - 1?
-124300
In base 5, what is 101 + -12?
34
In base 16, what is 61 + -4?
5d
In base 5, what is -11 + -101033?
-101044
In base 2, what is -1110 - 1100100?
-1110010
In base 13, what is -114 - -1?
-113
In base 16, what is -2 + 12a2?
12a0
In base 4, what is -300 - -3000?
2100
In base 8, what is 7 + -164?
-155
In base 5, what is -11 + -124020?
-124031
In base 2, what is -1110110101 + 10?
-1110110011
In base 6, what is -203 - -2?
-201
In base 16, what is -3 + -12?
-15
In base 8, what is -7025 - 3?
-7030
In base 9, what is -10208 + -3?
-10212
In base 2, what is 11 + 100010010001?
100010010100
In base 10, what is -7 - 408?
-415
In base 11, what is -50 - 4?
-54
In base 13, what is -2 - -265?
263
In base 12, what is 2a + 102?
130
In base 4, what is 10200 - -10?
10210
In base 10, what is 0 + 5?
5
In base 13, what is -52 + 5?
-4a
In base 12, what is -2 + -a?
-10
In base 7, what is -1403 + 4?
-1366
In base 16, what is -182 + -4?
-186
In base 2, what is -100 + -110000?
-110100
In base 7, what is 5 - 24?
-16
In base 7, what is 5 + 2?
10
In base 15, what is -5 - -6e?
69
In base 16, what is 4 + 15?
19
In base 3, what is 2100 - 11020?
-1220
In base 4, what is 30 - -11310?
12000
In base 14, what is 3 - -52?
55
In base 7, what is 1145 + -3?
1142
In base 8, what is 3 - 6071?
-6066
In base 6, what is 13122 + -11?
13111
In base 10, what is -1 + -7461?
-7462
In base 13, what is 4 + -92c?
-928
In base 13, what is 0 + -11?
-11
In base 10, what is -11 - -6?
-5
In base 9, what is 35 - -107?
143
In base 15, what is 5 - 52c?
-527
In base 8, what is -201 + -4?
-205
In base 9, what is -3 + -11?
-14
In base 3, what is 12 + 101010?
101022
In base 9, what is -1 - -123?
122
In base 8, what is 0 + -3?
-3
In base 4, what is 13 - -232?
311
In base 2, what is -1101010 + 10?
-1101000
In base 6, what is 14 - -1?
15
In base 3, what is -2022 - 12?
-2111
In base 9, what is 3 - 72?
-68
In base 10, what is 73 + -5?
68
In base 4, what is -3 - -22120?
22111
In base 2, what is 0 + 1011010?
1011010
In base 4, what is 221 - -133?
1020
In base 16, what is -4 - 15?
-19
In base 9, what is -1705 - -3?
-1702
In base 3, what is 11 + -2210201?
-2210120
In base 13, what is -6 - -a?
4
In base 4, what is 20130 - -2?
20132
In base 16, what is -a - -6?
-4
In base 8, what is 11 - 4?
5
In base 10, what is -15 + 36?
21
In base 11, what is 83 + -134?
-61
In base 13, what is 6 + 13?
19
In base 2, what is 10110011 + -11?
10110000
In base 11, what is 1630 + -2?
1629
In base 13, what is -2a + 18?
-12
In base 5, what is -30 - -30?
0
In base 13, what is 1 - 98?
-97
In base 4, what is 10 - -101?
111
In base 16, what is -6 - 6a?
-70
In base 16, what is 4 + 23?
27
In base 12, what is -379 - 12?
-38b
In base 14, what is 1551 + -1?
1550
In base 11, what is 797 + 3?
79a
In base 7, what is 1141 + -1?
1140
In base 4, what is -1 - 1122?
-1123
In base 14, what is -b2 + 3?
-ad
In base 8, what is -5 - 14?
-21
In base 3, what is 21001021 + 0?
21001021
In base 3, what is 101 + 11010?
11111
In base 10, what is 146 + 1?
147
In base 8, what is -27 - -274?
245
In base 2, what is 110 + -10?
100
In base 11, what is 52 + -95?
-43
In base 4, what is -2231 + 31?
-2200
In base 10, what is -1 + 3?
2
In base 3, what is -1000 + 11200?
10200
In base 14, what is -1b + -7?
-24
In base 16, what is 7e - -10?
8e
In base 16, what is -d + -7?
-14
In base 13, what is -6c - -5?
-67
In base 4, what is 10 - -21002?
21012
In base 15, what is 2 + 238?
23a
In base 11, what is 217 - 5?
212
In base 8, what is -23 - 111?
-134
In base 2, what is -110111 + 1001010?
10011
In base 15, what is 604 + 2?
606
In base 16, what is 1 + -98c?
-98b
In base 2, what is 11100010 - 101?
11011101
In base 14, what is 33 - -21?
54
In base 6, what is -210 + -3?
-213
In base 8, what is 71 - -6?
77
In base 9, what is 37 - -4?
42
In base 11, what is -192 + -4?
-196
In base 11, what is -3 - 4a7?
-4aa
In base 6, what is -1 + 5423?
5422
In base 5, what is -2 + -221?
-223
In base 7, what is 0 - 266?
-266
In base 14, what is -584 + 5?
-57d
In base 4, what is -1332 - -110?
-1222
In base 10, what is 26 + -4?
22
In base 15, what is 5 + -1b?
-16
In base 4, what is -102 + -12?
-120
In base 10, what is -1354 - 4?
-1358
In base 14, what is -1 - -3d9?
3d8
In base 15, what is 5 + 3?
8
In base 9, what is 0 - 33?
-33
In base 13, what is 1 + -3?
-2
In base 13, what is 3 - 309?
-306
In base 14, what is 45 + 0?
45
In base 9, what is -332 - -38?
-283
In base 11, what is -35 - 4?
-39
In base 8, what is -245 - 16?
-263
In base 16, what is -b1d1 + -4?
-b1d5
In base 8, what is -134 + -116?
-252
In base 6, what is 344 - 4?
340
In base 4, what is 2123 + 23?
2212
In base 2, what is -110011 - 1111?
-1000010
In base 10, what is 201 + -1?
200
In base 7, what is 142 - -31?
203
In base 6, what is 33 - -1125?
1202
In base 2, what is 11 - 101?
-10
In base 3, what is -1222002 + -20?
-1222022
In base 15, what is 2 - -1d?
20
In base 12, what is 300 + 23?
323
In base 6, what is 15 + 11?
30
In base 11, what is -10 - -1769?
1759
In base 16, what is 10 - -19?
29
In base 4, what is 2 - 203332?
-203330
In base 16, what is 5f - -4?
63
In base 15, what is -5 - -a63?
a5d
In base 5, what is -3 - 102442?
-103000
In base 16, what is 5a1 - 1?
5a0
In base 16, what is 9 - dd?
-d4
In base 2, what is 100101 + 11?
101000
In base 12, what is -38 + 5?
-33
In base 6, what is -3 + 5013?
5010
In base 10, what is 42 - 5?
37
In base 15, what is 1 + -cbb?
-cba
In base 3, what is 1 + 1102?
1110
In base 14, what is -1 + 81?
80
In base 2, what is 100101000110 - 11?
100101000011
In base 10, what is -8957 - 0?
-8957
In base 3, what is 10012 - 1022?
1220
In base 13, what is 4 - 12a?
-126
In base 15, what is -6a0 + 0?
-6a0
In base 4, what is 3 + -1010?
-1001
In base 7, what is 3506 + -3?
3503
In base 3, what is -200 + -211212?
-212112
In base 14, what is 5 + -196?
-191
In base 6, what is 10 + -5324?
-5314
In base 13, what is -2c + 16?
-16
In base 4, what is 1003 + 100?
1103
In base 12, what is -3 + 843?
840
In base 15, what is -227d - -1?
-227c
In base 9, what is 4 + -53?
-48
In base 15, what is 31 + 2?
33
In base 11, what is 2416 + -8?
2409
In base 11, what is -25 - -9?
-17
In base 15, what is c1b - 5?
c16
In base 3, what is -12 + -1220?
-2002
In base 10, what is 0 + 1234?
1234
In base 4, what is 0 - -10301?
10301
In base 4, what is -103 - 120?
-223
In base 16, what is 0 + -8?
-8
In base 13, what is 25 + -c0?
-98
In base 3, what is -1022 - -1201?
102
In base 7, what is 205 - -11?
216
In base 13, what is -1 + -8?
-9
In base 14, what is -2 + -25d?
-261
In base 12, what is -49 + a?
-3b
In base 13, what is 0 - -381?
381
In base 4, what is 101023 + -2?
101021
In base 3, what is 202 + -100?
102
In base 9, what is -555 - 1?
-556
In base 12, what is -34 - -10?
-24
In base 15, what is -3 + 4d0?
4cc
In base 11, what is -1192 + -3?
-1195
In base 14, what is -1 + -39bd?
-39c0
In base 3, what is -10200011 - 10?
-10200021
In base 12, what is 302 - 0?
302
In base 8, what is -5 + 13617?
13612
In base 12, what is 63a + 7?
645
In base 6, what is 103 - -1121?
1224
In base 15, what is 4ed - 1?
4ec
In base 10, what is -56 - -2?
-54
In base 8, what is 157 + 16?
175
In base 3, what is -22202 + -12?
-22221
In base 6, what is 1333 + 2?
1335
In base 5, what is -1332 + -10?
-1342
In base 13, 